 of (1120/j)/(2/6)?
2, 5
Let i = 10700 + -5720. Suppose 34*h = 14*h + i. What are the prime factors of h?
3, 83
Suppose 2*p - 5*p - 2*k = -288, 0 = -2*p - k + 192. List the prime factors of (p/10)/(3/130).
2, 13
Let n(l) = -l**2 - 2*l + 649. Let d be (10 + -10)/(-4 + 2). What are the prime factors of n(d)?
11, 59
Suppose -4*z = -2*j - 3*j - 34806, 34782 = 4*z - j. What are the prime factors of z?
2, 3, 7, 23
Let u(p) = -57*p + 106. Suppose 3*h + 4*k = -68, 2*h + 2*k - 3*k = -38. List the prime factors of u(h).
2, 7, 89
Let k = -2982 + 5167. List the prime factors of k.
5, 19, 23
Let l(b) = -2*b + 41. Let m be l(11). Suppose m*y - 17*y = 44. What are the prime factors of y?
2, 11
Let z = 27 - 24. Suppose -p + 4*r + 6 = -r, -z*p - 22 = 5*r. Let c(q) = q**2 + 5. What are the prime factors of c(p)?
3, 7
Let h = 3194 - 1990. Suppose 313 - h = -3*n. Suppose -3*t - n = -6*t. What are the prime factors of t?
3, 11
Let x be (-11 + 134)*17/3. Suppose -13*z + 3856 - x = 0. List the prime factors of z.
3
Suppose 0 = -2*a - 2*a - 8. Let n be (4/12)/(a/(-6)). Let r = 1 + n. What are the prime factors of r?
2
Let c be -6*(-4)/12 - -3. Suppose c*d + 4*t - 765 = -0*d, -3*d + 5*t = -422. Let v = 217 - d. List the prime factors of v.
2, 17
List the prime factors of (-29 - 87482/(-68))/((-1)/(-26)).
5, 13, 503
Let f be 36/6 - 2*(-1 - 15). Suppose -4*j + 2*l = -478 + 116, 5*j = l + 448. Let r = j - f. What are the prime factors of r?
3, 17
Let f = 7 - -46. Suppose 4*z - 5 = -f. List the prime factors of (124/z)/((-2)/18).
3, 31
Let x = -10846 + 12471. What are the prime factors of x?
5, 13
Let y(q) = 127*q**3 - 7*q - 7. List the prime factors of y(4).
8093
Let w(f) = 6*f - 7 + 5 - 2*f + 16*f**2. Let i be w(7). Suppose 3*q = 3*v + 2*v + 486, -5*q = 5*v - i. What are the prime factors of q?
2, 3
Let s = -8556 + 23967. List the prime factors of s.
3, 11, 467
Let c(m) = 8*m + 120. Let o be c(-15). Suppose o = -67*a + 87*a - 3620. List the prime factors of a.
181
Suppose -3*g + v = -208615, -g + 43704 + 25841 = v. What are the prime factors of g?
2, 3, 5, 19, 61
Let v(m) = -282 + 64*m + 66*m - 17*m - 25*m + 27*m. List the prime factors of v(11).
983
Let a = 200 + -138. Let f = 74 - a. Let v(d) = d**2 + 4*d - 1. List the prime factors of v(f).
191
Let w(a) = -25*a - 65. Let y(c) = -26*c - 65. Let p(b) = -3*w(b) + 2*y(b). What are the prime factors of p(14)?
3, 43
Suppose 10*k = 45318 + 16022. List the prime factors of k.
2, 3067
Let u be (-2)/4 + (-27)/6. Let z be 23/3 + u/((-45)/(-6)). Suppose 0 = -z*l + 65 + 502. List the prime factors of l.
3
Suppose -9 = 3*h, 3*g + 2*g + 3*h - 61 = 0. Suppose g*l - 4147 = 1677. List the prime factors of l.
2, 13
Let x be (7/2 + -4)*-214. Let a = x - 66. Suppose -92 = -2*j - g, -3*j + g + a = -102. List the prime factors of j.
47
Suppose -2*z - 208*x = -203*x - 29541, -2*x = -2. List the prime factors of z.
2, 13, 71
Suppose 0 = 2*y + 4*d - 5088, 5*d + 69 - 49 = 0. List the prime factors of y.
2, 11, 29
Suppose c + 3 - 5 = 0. Suppose -j - d + 21 = 4*d, -5*j = c*d - 82. List the prime factors of 1988/j + (-3)/(-4).
5
Let v = 7032 - 4122. List the prime factors of v.
2, 3, 5, 97
Suppose -358889 = 9*s - 15*s + 116107. List the prime factors of s.
2, 23, 1721
Suppose -342747 = -43*q + 677674 + 903915. List the prime factors of q.
2, 2797
Let f(t) = -38 + 3*t**2 - 9*t + 8 + 16. Suppose -5*v - 11 = 19. What are the prime factors of f(v)?
2, 37
Suppose 15 - 36 = 7*u. Let n be u/7 - (-17)/7. Suppose n*d = 3*d - 102. What are the prime factors of d?
2, 3, 17
Let g(q) = -457 - 70*q + 461 + 26*q. Let a(o) = -o**2 + 6*o - 2. Let d be a(6). What are the prime factors of g(d)?
2, 23
Let h(a) = -25*a - 5. Suppose 0 = -24*l + 9*l - 255. What are the prime factors of h(l)?
2, 3, 5, 7
Let v(x) = 150*x**2 + 67*x + 189. List the prime factors of v(-3).
2, 3, 223
Let a = 273 - 221. List the prime factors of (-16900)/(-36) + (a/(-36) - -1).
7, 67
Suppose 15544 = 3*s - 5*w + 4054, 4*s - 4*w - 15312 = 0. List the prime factors of s.
3, 5, 17
Let u be -13 + (6 - 8) + 5. List the prime factors of (5/u - 7)*-10.
3, 5
Let z(h) = 3*h**2 - 3*h + 1. Let n be z(2). Suppose 2*o + 3*k = n*o + 60, 5*o + 4*k = -25. Let r = 3 - o. What are the prime factors of r?
2, 3
Let p(z) = z**3 - 49*z**2 + 3*z - 147. Let y be p(49). Suppose 8*n + 1578 - 7002 = y. What are the prime factors of n?
2, 3, 113
Let j(r) = 11*r**3 + 2*r**2 + 27*r - 100. List the prime factors of j(5).
2, 5, 73
Let d(z) = -20*z**3 + 2*z**2 - 5*z - 3. Let l be d(3). Let m = -225 - l. What are the prime factors of m?
3, 5, 7
Suppose -4*n - 63 + 99 = 0. Suppose 5*k - 26 = n. Suppose 822 = k*f - 354. List the prime factors of f.
2, 3, 7
Let a = 37 + -67. Let y(v) = 7*v - 23. Let w be y(10). Let f = w + a. List the prime factors of f.
17
Suppose -t + 440 = 2*p, 3*p = -3*t + 160 + 494. Suppose -p = -v + d + 336, 2*v + 2*d = 1112. What are the prime factors of v?
557
Suppose 2*i + 245 - 235 = 0. What are the prime factors of (-72)/360 - (4621/i - -2)?
2, 461
Suppose 0 = j + 3*f - 30028, -3492 + 3487 = -5*f. What are the prime factors of j?
5, 1201
Let k(g) = g**3 - 6*g**2 + 11*g - 4. Let n be k(3). Let d be -1*1*20/(-4). Suppose 5*i = -3*s + n*i + 129, -49 = -s + d*i. What are the prime factors of s?
2, 11
Suppose 230 = -2*z + 7*z. Let p(b) = 12*b - 45. Let t be p(7). Let g = z - t. List the prime factors of g.
7
Suppose 3*s + 25 = 5*i, 2*i + 27 = -5*s - 25. List the prime factors of 8 + s + -6*(3 + -163).
2, 479
Suppose 173*x - 503906 = 58525 + 2966769. List the prime factors of x.
2, 3, 5, 17
Let o be (-31)/(-6) - (-3 - 38/(-12)). Suppose 21*p = o*p + 5568. What are the prime factors of p?
2, 3, 29
Suppose -w - 16746 = -2*i - 709, 2*i = 4*w + 16028. What are the prime factors of i?
2, 5, 401
Let m be ((2/7)/1)/(19/133). Suppose 10*r + m*k - 1282 = 5*r, 2*r + 3*k = 515. List the prime factors of r.
2
Let i(j) = 321*j + 1473. What are the prime factors of i(10)?
3, 7, 223
Let q be -7 + (3 - (6 + -2)). Suppose 0 = 2*j - 3*j - 4. What are the prime factors of q/j + -5 - -95?
2, 23
Let y(t) = 115*t**3 + 2*t**2 + 53*t + 29. What are the prime factors of y(6)?
13, 29, 67
Let g(h) = 4. Let u(x) = -3*x - 202. Let t(w) = -5*g(w) - u(w). What are the prime factors of t(-39)?
5, 13
Let i(s) = 174*s**2 + 9*s - 16. Let n be i(2). Suppose -371 = -y - j, -3*y + n + 414 = 4*j. What are the prime factors of y?
2, 3, 31
Let k(o) = -249*o**2 - 3*o + 13. Let s be k(9). Let d = s - -30593. List the prime factors of d/50 + 3/(-15).
2, 13
Let g be 30/(-9)*12/(-10). Let m(u) = 181*u + 47. Let f be m(1). Suppose -g*p = 2*p - f. List the prime factors of p.
2, 19
Let h(d) = d**3 + 11*d**2 + 12*d - 3. Let g be -4*(36/24 + 2/4). Let w be (-3 - -4)*(3/(-3) + g). List the prime factors of h(w).
3, 17
Let u(n) = -n**3 + 7*n**2 + 4*n - 5. Let m be u(7). Suppose m*o = 24*o - 18. Suppose -d = -8 - o. List the prime factors of d.
2, 13
Let f(g) = 14*g + 98. Suppose -176 = 89*k - 97*k. List the prime factors of f(k).
2, 7, 29
Let f(t) = -14*t**3 - 6*t**2 + 13*t - 2. Let a be f(3). Let c = a + 722. What are the prime factors of c?
3, 109
Let j = -1042 + 12062. What are the prime factors of j?
2, 5, 19, 29
Let j(p) = -46*p**2 + 9*p + p**3 + 14*p - 29*p + 168 + 12*p. List the prime factors of j(46).
2, 3, 37
Suppose 10 = 5*o + 4*z - z, 2*o - 2*z - 20 = 0. Suppose -57 = 2*c + o*k - 989, -k = -2. What are the prime factors of c?
461
Suppose -3*u = 4*p - 165 + 9, -5*p + u + 176 = 0. List the prime factors of (21/7*p)/((-2)/(-12)).
2, 3
Let u = -15546 - -28689. List the prime factors of u.
3, 13, 337
Suppose 6*i - 272 = 22*i. What are the prime factors of (-17)/(85/(-450))*i/(-2)?
3, 5, 17
Suppose 4*m - u = 31, 2*m - 3*m + 4*u = 11. Let f = -2 + m. Suppose 0 = -f*a - 147 + 602. List the prime factors of a.
5, 13
Suppose -5*v - 5*s + 6710 = 0, -9*v = -5*v - 5*s - 5350. Let d = v + -878. What are the prime factors of d?
2, 3, 7, 11
Let w(t) = 25*t**2 - 17*t + 871. List the prime factors of w(20).
10531
Suppose 0 = 9*b - 35 - 28. Suppose -2*j - b = -13. Suppose j*v - 24 + 0 = 0. What are the prime factors of v?
2
Let i = -294 + 305. Suppose -2*c = -i*c + 5049. List the prime factors of c.
3, 11, 17
Suppose 70*v - 146*v = -99788. What are the prime fac